{"id":145,"date":"2017-12-18T04:16:13","date_gmt":"2017-12-18T04:16:13","guid":{"rendered":"http:\/\/test.reneleclair.ca\/?page_id=145"},"modified":"2019-03-23T21:29:00","modified_gmt":"2019-03-23T21:29:00","slug":"examen-audiometrique","status":"publish","type":"page","link":"https:\/\/test.reneleclair.ca\/?page_id=145","title":{"rendered":"Audiom\u00e9trique"},"content":{"rendered":"<ul>\n<li><em><strong><span style=\"color: rgb(0, 0, 255);\">Salle d&rsquo;examen audiom\u00e9trique<\/span><\/strong><\/em><\/li>\n<li><strong><span style=\"color: rgb(0, 0, 255);\">Audiologiste sur place<\/span><\/strong><\/li>\n<\/ul>\n<p>Nous poss\u00e9dons une cabine pour les examens audiom\u00e9triques sur place, pour plus d&rsquo;informations communiquer avec nous.<br \/>\n<strong>Au plaisir de vous rencontrer!<\/strong><\/p>\n<p><img decoding=\"async\" loading=\"lazy\" width=\"320\" height=\"240\" class=\"alignleft wp-image-146 size-full\" alt=\"\" src=\"http:\/\/test.reneleclair.ca\/wp-content\/uploads\/2017\/12\/33660-62m-1.jpg\" srcset=\"https:\/\/test.reneleclair.ca\/wp-content\/uploads\/2017\/12\/33660-62m-1.jpg 320w, https:\/\/test.reneleclair.ca\/wp-content\/uploads\/2017\/12\/33660-62m-1-300x225.jpg 300w\" sizes=\"(max-width: 320px) 100vw, 320px\" \/><\/p>\n","protected":false},"excerpt":{"rendered":"<p>Salle d&rsquo;examen audiom\u00e9trique Audiologiste sur place Nous poss\u00e9dons une cabine pour les examens audiom\u00e9triques sur place, pour plus d&rsquo;informations communiquer avec nous. Au plaisir de vous rencontrer!<\/p>\n","protected":false},"author":1,"featured_media":0,"parent":143,"menu_order":2,"comment_status":"closed","ping_status":"closed","template":"","meta":[],"_links":{"self":[{"href":"https:\/\/test.reneleclair.ca\/index.php?rest_route=\/wp\/v2\/pages\/145"}],"collection":[{"href":"https:\/\/test.reneleclair.ca\/index.php?rest_route=\/wp\/v2\/pages"}],"about":[{"href":"https:\/\/test.reneleclair.ca\/index.php?rest_route=\/wp\/v2\/types\/page"}],"author":[{"embeddable":true,"href":"https:\/\/test.reneleclair.ca\/index.php?rest_route=\/wp\/v2\/users\/1"}],"replies":[{"embeddable":true,"href":"https:\/\/test.reneleclair.ca\/index.php?rest_route=%2Fwp%2Fv2%2Fcomments&post=145"}],"version-history":[{"count":2,"href":"https:\/\/test.reneleclair.ca\/index.php?rest_route=\/wp\/v2\/pages\/145\/revisions"}],"predecessor-version":[{"id":432,"href":"https:\/\/test.reneleclair.ca\/index.php?rest_route=\/wp\/v2\/pages\/145\/revisions\/432"}],"up":[{"embeddable":true,"href":"https:\/\/test.reneleclair.ca\/index.php?rest_route=\/wp\/v2\/pages\/143"}],"wp:attachment":[{"href":"https:\/\/test.reneleclair.ca\/index.php?rest_route=%2Fwp%2Fv2%2Fmedia&parent=145"}],"curies":[{"name":"wp","href":"https:\/\/api.w.org\/{rel}","templated":true}]}}